8).
4
Let g(t) = 9*t**3 - 28*t**2 - 32*t - 2. Give g(-1).
-7
Let a(q) = -q**2 + 4050*q + 28416. What is a(-7)?
17
Let n(s) = s**3 + 58*s**2 + 58*s + 155. What is n(-57)?
98
Let y(u) = u**2 + 819*u + 11275. What is y(-14)?
5
Let s(y) = -96*y**2 - 42*y + 2. What is s(-1)?
-52
Let w(k) = -4*k**2 + 11*k + 102. Calculate w(-4).
-6
Let x(r) = r + 18. What is x(-16)?
2
Let p(u) = 2*u**3 + 11*u**2 + 24*u + 172. Calculate p(-6).
-8
Let f(z) = -56*z**2 + 150*z. What is f(-2)?
-524
Let i(s) = -s**3 + 96*s**2 + 229*s - 3285. Determine i(98).
-51
Let x(z) = -z**2 + 16*z + 50. What is x(-4)?
-30
Let n(w) = w**3 - 4*w**2 + 2*w + 6. Determine n(-2).
-22
Let x(u) = 151*u - 3054. Give x(20).
-34
Let g(r) = 49*r - 97. What is g(2)?
1
Let l(s) = 15*s**2 - 3*s + 17. Determine l(4).
245
Let c(q) = q**3 + 80*q**2 - 89*q - 669. What is c(-81)?
-21
Let w(u) = u**3 + 19*u**2 - 3*u + 163. What is w(-20)?
-177
Let b(j) = 2*j**2 - 169*j - 76. Determine b(85).
9
Let h(q) = -52*q - 2906. What is h(-56)?
6
Let u(w) = -13*w + 106. Calculate u(-5).
171
Let g(j) = -j**2 + 307*j + 4167. Calculate g(-13).
7
Let t(u) = u**3 - 15*u**2 + 16*u - 15. Determine t(12).
-255
Let m(j) = 374*j - 8259. Calculate m(22).
-31
Let a(b) = 4*b**2 + 128*b + 118. Calculate a(-31).
-6
Let d(a) = 140*a + 2726. Determine d(-19).
66
Let o(r) = -6*r - 261. Calculate o(-13).
-183
Let p(i) = -i**3 + 29*i**2 - 40*i - 14. Calculate p(27).
364
Let h(v) = 3599*v - 14404. What is h(4)?
-8
Let i(j) = 117*j - 2671. Calculate i(23).
20
Let l(n) = -9*n + 83. What is l(17)?
-70
Let q(k) = -2*k**3 + 21*k**2 + 20*k - 82. Give q(11).
17
Let z(c) = -c**3 - 28*c**2 - 16*c - 158. What is z(-27)?
-455
Let i(z) = -951*z + 12382. Determine i(13).
19
Let o(s) = -21*s + 454. What is o(20)?
34
Let c(b) = b**3 + 20*b**2 - 182*b - 3813. Determine c(-19).
6
Let o(s) = -5*s**2 - 27*s + 107. Give o(-8).
3
Let p(m) = 25*m**3 - 323*m**2 - 30*m + 31. Calculate p(13).
-21
Let w(u) = 5*u**3 - 46*u + 84. Give w(2).
32
Let v(j) = -2*j**3 - 6*j**2 - 44*j - 193. What is v(-4)?
15
Let u(k) = -224*k - 3117. What is u(-14)?
19
Let p(g) = -7*g + 499. What is p(18)?
373
Let k(m) = -3*m**2 + 157*m - 657. Give k(48).
-33
Let n(v) = -v**3 - 24*v**2 - 59*v - 39. Determine n(-20).
-459
Let m(k) = -14*k**3 + 4*k - 13. Determine m(-3).
353
Let s(b) = -88*b**3 + 4*b**2 - 1. Calculate s(-1).
91
Let z(h) = 3*h + 109. Give z(-8).
85
Let b(s) = -s**3 - s**2 - 40*s + 145. What is b(4)?
-95
Let j(y) = -10*y**2 + 396*y - 225. Give j(39).
9
Let x(j) = j**3 - 31*j**2 + 34*j - 109. Calculate x(30).
11
Let s(l) = -6*l**3 + 3*l**2 + 8*l - 1. Calculate s(-2).
43
Let v(l) = -2*l**2 - 9*l - 72. Calculate v(-10).
-182
Let q(x) = 28*x + 201. Determine q(-7).
5
Let g(q) = 3*q**3 - 55*q**2 - 6*q - 31. What is g(19)?
577
Let c(k) = k**3 + 219*k**2 + 176*k - 9126. Give c(-218).
30
Let a(f) = f**2 + 8457*f + 135060. Give a(-16).
4
Let b(y) = -10*y**3 - 16*y**2 + 21*y + 21. Determine b(-3).
84
Let b(p) = 4*p**3 + 12*p**2 + 8*p - 2. What is b(-5)?
-242
Let s(j) = 2*j**2 + 63*j - 20. Give s(-32).
12
Let f(y) = -1819*y + 12695. Give f(7).
-38
Let d(c) = -c**3 - 3*c**2 + 71*c + 298. Calculate d(-6).
-20
Let n(w) = -w**2 + 425*w + 3909. Determine n(-9).
3
Let y(k) = -k**2 + 159*k + 6334. Give y(-33).
-2
Let u(a) = -10*a**2 - 476*a + 123. What is u(-48)?
-69
Let u(n) = -n**2 + 312*n - 23737. Calculate u(181).
-26
Let c(q) = -q**2 - 2*q + 37. Give c(-16).
-187
Let t(f) = -65*f**2 - 5719*f + 70. Give t(-88).
-18
Let s(k) = 842*k + 20988. Determine s(-25).
-62
Let b(c) = c**3 - 2*c**2 - 86*c + 177. Determine b(2).
5
Let p(z) = z**2 - 34*z - 437. Give p(43).
-50
Let n(h) = h**2 + 423*h - 17523. Give n(38).
-5
Let l(t) = -450*t + 5404. Calculate l(12).
4
Let s(u) = -403*u**2 + 7*u - 1. What is s(-1)?
-411
Let b(a) = 3*a**2 - 72*a - 77. Give b(28).
259
Let s(g) = 25*g - 961. Determine s(39).
14
Let s(y) = 2189*y - 13139. Determine s(6).
-5
Let u(g) = -g**2 - 1260*g + 5046. Give u(4).
-10
Let v(s) = s**3 - 22*s**2 + 32*s + 81. Calculate v(21).
312
Let c(v) = 55*v - 969. What is c(18)?
21
Let l(x) = -x**3 - 83*x**2 - x - 148. Calculate l(-83).
-65
Let w(g) = 8*g**3 - 454*g**2 - 116*g + 113. Give w(57).
-1
Let f(n) = 2*n**3 + 2*n**2 - 200*n + 395. What is f(2)?
19
Let j(d) = -6*d**2 + 1045*d + 1926. What is j(176)?
-10
Let c(t) = -645*t + 6991. Give c(11).
-104
Let z(y) = -2663*y + 15969. Determine z(6).
-9
Let o(v) = 5*v**2 - 189*v - 4. Calculate o(38).
34
Let a(k) = 317*k + 18. What is a(0)?
18
Let f(o) = -4*o**3 - 4*o**2 + 2*o + 5. Give f(-3).
71
Let d(l) = -5*l**2 - 6*l - 19. Give d(-11).
-558
Let r(y) = -y**3 + 8*y**2 + 55*y - 352. Determine r(10).
-2
Let c(j) = 100*j + 3885. Determine c(-39).
-15
Let v(n) = 998*n - 33923. What is v(34)?
9
Let p(a) = -6*a**2 - 18*a + 109. Determine p(7).
-311
Let p(l) = -l**2 - 32*l + 64. Calculate p(-34).
-4
Let b(k) = -7*k - 130. Calculate b(-6).
-88
Let b(o) = o**2 + 43*o + 429. What is b(-27)?
-3
Let u(l) = l**3 + 19*l**2 + 72*l - 146. Calculate u(-12).
-2
Let o(g) = 50*g - 69. Give o(8).
331
Let z(h) = -h**3 + 14*h**2 - 4*h - 196. Calculate z(12).
44
Let g(z) = 943*z + 6662. Calculate g(-7).
61
Let b(z) = -639*z - 10441. Calculate b(-16).
-217
Let z(u) = -u**3 - 144*u**2 - 702*u - 4. Determine z(-5).
31
Let u(j) = 7*j**2 - 53*j - 10. Calculate u(10).
160
Let h(r) = -r**3 - 50*r**2 - 150*r - 419. Determine h(-47).
4
Let d(v) = -5*v**2 - 230*v - 111. What is d(-45)?
114
Let o(p) = p**3 + 34*p**2 + 62*p - 49. Give o(-32).
15
Let l(v) = -v**3 + 33*v**2 - 37*v + 148. What is l(32)?
-12
Let q(d) = 112*d**3 - 6*d**2 + 7*d - 2. Calculate q(1).
111
Let d(q) = -q**3 - q**2 + 172*q + 342. What is d(-2)?
2
Let m(w) = w**3 + 8*w**2 - 15*w. Calculate m(-9).
54
Let g(q) = -36*q**3 + 2*q**2 - q - 4. What is g(-1)?
35
Let j(f) = 2*f**2 + 6*f - 131. Determine j(-10).
9
Let m(o) = -1348*o**2 + 2694*o - 7. Calculate m(2).
-11
Let w(c) = 3*c**2 + 2*c + 4. Give w(-6).
100
Let t(o) = o**3 + 56*o**2 + 2*o + 143. Calculate t(-56).
31
Let s(t) = -181*t - 414. Give s(-2).
-52
Let j(r) = 372*r - 167. Determine j(0).
-167
Let k(n) = n**3 + 26*n**2 - 24*n - 622. What is k(-26)?
2
Let v(r) = 253*r + 1217. What is v(-5)?
-48
Let d(y) = -5*y + 722. Determine d(142).
12
Let g(l) = 2*l**2 - 65*l - 64. Calculate g(-1).
3
Let v(c) = -2*c**2 - 207*c + 1520. What is v(7)?
-27
Let y(d) = -15*d**2 + 48*d + 28. Determine y(4).
-20
Let n(j) = j**2 - 294*j + 4695. Calculate n(17).
-14
Let t(i) = 4*i**2 - 5*i - 4. What is t(-2)?
22
Let h(s) = 14*s - 105. Calculate h(17).
133
Let m(k) = -3990*k + 99749. Give m(25).
-1
Let y(u) = -u**2 + 11*u + 365. Give y(-17).
-111
Let t(r) = -3*r**2 - 888*r - 4358. Calculate t(-5).
7
Let p(n) = n**3 - 3*n**2 + 88*n - 439. Calculate p(5).
51
Let w(u) = 5*u**2 + 119*u - 78. What is w(-15)?
-738
Let j(b) = -1107*b + 2343. Calculate j(2).
129
Let u(r) = r**3 - 9*r**2 + 203*r - 925. Give u(5).
-10
Let q(s) = -38*s - 547. Determine q(-15).
23
Let k(r) = 160*r - 359. Calculate k(1).
-199
Let c(v) = -v**3 - 24*v**2 + 40*v - 272. Calculate c(-26).
40
Let a(n) = n**3 + 29*n**2 + 23*n + 95. Determine a(-28).
235
Let d(q) = q**3 - 14*q**2 - 31*q + 25. What is d(16)?
41
Let f(a) = -a**2 - 90*a + 11. Determine f(0).
11
Let o(l) = 4*l**2 - 166*l + 147. Calculate o(39).
-243
Let k(o) = -o**3 - 10*o**2 - 17*o - 96. Determine k(-9).
-24
Let u(c) = -252*c - 223. Give u(-1).
29
Let i(t) = t**2 - 36*t - 23. Determine i(39).
94
Let h(s) = -3*s**2 + 57*s - 262. Determine h(12).
-10
Let r(l) = -2*l**3 - 3*l**2 - 14*l - 14. Give r(-1).
-1
Let w(y) = 5*y**2 - 75*y - 32. Give w(15).
-32
Let y(x) = -477*x - 929. What is y(-2)?
25
Let d(f) = f**3 - 8*f**2 - 13*f + 76. What is d(7)?
-64
Let v(d) = -11*d - 487. Give v(-44).
-3
Let p(w) = 78*w + 7851. Calculate p(-99).
129
Let b(f) = 20*f**2 + 127*f + 40. Give b(-5).
-95
Let b(a) = 286*a + 1776. What is b(-8)?
-512
Let o(u) = 11*u**2 + 16*u - 31. Determine o(6).
461
Let q(o) = 3*o**2 - 599*o + 5483. Give q(190).
-27
Let y(i) = 2*i**3 + 12*i**2 + 26*i - 5. What is y(-4)?
-45
Let x(k) = -15*k**2 - 148*k + 32. Calculate x(-10).
12
Let h(r) = 160*r - 3194. Determine h(20).
6
Let u(s) = 13771*s - 13774. Determine u(1).
-3
Let p(n) = 2*n**3 - 5*n**2 + 47*n - 115. Calculate p(3).
35
Let u(s) = s**3 - s**2 - 78*s + 109. What is u(-9)?
1
Let 